{"id":7146,"date":"2024-05-14T09:50:58","date_gmt":"2024-05-14T09:50:58","guid":{"rendered":"https:\/\/thelatin.news\/despre-noi\/"},"modified":"2024-06-08T20:21:53","modified_gmt":"2024-06-08T20:21:53","slug":"despre-noi","status":"publish","type":"page","link":"https:\/\/thelatin.news\/ro\/despre-noi\/","title":{"rendered":"Despre noi"},"content":{"rendered":"\t\t<div data-elementor-type=\"wp-page\" data-elementor-id=\"7146\" class=\"elementor elementor-7146 elementor-2\">\n\t\t\t\t<div class=\"elementor-element elementor-element-cecbabd e-flex e-con-boxed e-con e-parent\" data-id=\"cecbabd\" data-element_type=\"container\">\n\t\t\t\t\t<div class=\"e-con-inner\">\n\t\t<div class=\"elementor-element elementor-element-142e13d e-con-full e-flex e-con e-child\" data-id=\"142e13d\" data-element_type=\"container\">\n\t\t\t\t<div class=\"elementor-element elementor-element-fafdd90 elementor-widget elementor-widget-text-editor\" data-id=\"fafdd90\" data-element_type=\"widget\" data-widget_type=\"text-editor.default\">\n\t\t\t\t<div class=\"elementor-widget-container\">\n\t\t\t\t\t\t\t<h2>Despre TheLatin.News\u2122<\/h2><p>TheLatin.News\u2122 reune\u0219te, public\u0103 \u0219i distribuie \u0219tiri despre Andora, Fran\u021ba, Italia, Moldova, Portugalia, Rom\u00e2nia \u0219i Spania. Comunicatele de pres\u0103 sunt publicate \u0219i distribuite c\u0103tre mass-media \u00een francez\u0103, italian\u0103, portughez\u0103, spaniol\u0103 \u0219i romanian\u0103 &#8211; toate limbi cu r\u0103d\u0103cini latine. Pentru mai multe informa\u021bii despre distribuirea comunicatelor de pres\u0103 \u00een aceste \u021b\u0103ri sau \u00een \u00eentreaga Europ\u0103, contacta\u021bi <a href=\"https:\/\/europenewswire.net\/\">EuropeNewswire.Net<\/a> sau contacta\u021bi-ne la aceste aplica\u021bii de mesagerie: <a href=\"https:\/\/api.whatsapp.com\/send\/?phone=18327162363&amp;text&amp;app_absent=0\">WhatsApp<\/a>, <a href=\"skype:groupwebmedia?chat\">Skype<\/a> sau <a href=\"https:\/\/t.me\/groupwebmedia\">Telegram<\/a>.<\/p><h2 style=\"margin: 15px 0;\">Despre Influen\u021ba Latin\u0103 \u00een Europa<\/h2><h3><a href=\"https:\/\/thelatin.news\/the-role-of-france-italy-portugal-spain-and-romania-in-europe-a-comprehensive-overview\/\">Rolul Fran\u021bei, Italiei, Portugaliei, Spaniei \u0219i Rom\u00e2niei \u00een Europa: O privire de ansamblu<\/a><\/h3><p>Europa este un continent bogat \u00een istorie, cultur\u0103 \u0219i diversitate economic\u0103, fiecare \u021bar\u0103 contribuind \u00een mod unic la structura Uniunii Europene (UE). Fran\u021ba, Italia, Portugalia, Spania \u0219i Rom\u00e2nia sunt cinci astfel de na\u021biuni, fiecare dintre ele juc\u00e2nd un rol esen\u021bial \u00een dezvoltarea \u0219i sus\u021binerea integr\u0103rii \u0219i identit\u0103\u021bii europene. Acest eseu analizeaz\u0103 contribu\u021biile individuale ale acestor \u021b\u0103ri la proiectul european..<a href=\"https:\/\/thelatin.news\/the-role-of-france-italy-portugal-spain-and-romania-in-europe-a-comprehensive-overview\/\">.Cite\u0219te mai mult<\/a><\/p><h3><a href=\"https:\/\/thelatin.news\/the-legacy-of-latin-tracing-the-romance-languages-in-europe-spain-portugal-italy-france-romania-andorra-and-moldova\/\">Mo\u0219tenirea latin\u0103: pe urmele limbilor romanice \u00een Europa (Spania, Portugalia, Italia, Fran\u021ba, Rom\u00e2nia, Andorra \u0219i Moldova)<\/a><\/h3><p>Peisajul lingvistic al Europei este o tapiserie bogat\u0103, \u021besut\u0103 cu fire de origini \u0219i istorii diverse. Printre acestea, limbile cu r\u0103d\u0103cini \u00een latin\u0103, cunoscute sub numele de limbi romanice, ocup\u0103 un loc special. Ele reprezint\u0103 mo\u0219tenirea vie a Imperiului Roman, o m\u0103rturie a influen\u021bei durabile a latinei, limba romanilor..<a href=\"https:\/\/thelatin.news\/the-legacy-of-latin-tracing-the-romance-languages-in-europe-spain-portugal-italy-france-romania-andorra-and-moldova\/\">.Cite\u0219te mai mult<\/a><\/p>\t\t\t\t\t\t<\/div>\n\t\t\t\t<\/div>\n\t\t\t\t<\/div>\n\t\t<div class=\"elementor-element elementor-element-1525e39 e-con-full rb-sticky e-flex e-con e-child\" data-id=\"1525e39\" data-element_type=\"container\">\n\t\t\t\t<div class=\"elementor-element elementor-element-0495956 elementor-widget elementor-widget-foxiz-heading\" data-id=\"0495956\" data-element_type=\"widget\" data-widget_type=\"foxiz-heading.default\">\n\t\t\t\t<div class=\"elementor-widget-container\">\n\t\t\t<div id=\"uid_0495956\" class=\"block-h heading-layout-2\"><div class=\"heading-inner\"><h2 class=\"heading-title\"><span>Ultimele \u0219tiri<\/span><\/h2><\/div><\/div>\t\t<\/div>\n\t\t\t\t<\/div>\n\t\t\t\t<div class=\"elementor-element elementor-element-912eb7a elementor-widget elementor-widget-foxiz-list-small-2\" data-id=\"912eb7a\" data-element_type=\"widget\" data-widget_type=\"foxiz-list-small-2.default\">\n\t\t\t\t<div class=\"elementor-widget-container\">\n\t\t\t<div id=\"uid_912eb7a\" class=\"block-wrap block-small block-list block-list-small-2 rb-columns rb-col-1 is-feat-left meta-s-default\"><div class=\"block-inner\">\t\t<div class=\"p-wrap p-small p-list-small-2\" data-pid=\"15446\">\r\n\t\t\t<div class=\"p-content\">\r\n\t\t\t<h5 class=\"entry-title\">\t\t<a class=\"p-url\" href=\"https:\/\/thelatin.news\/ro\/madre-e-hijo-viven-pesadilla-al-caer-en-socavon-en-rumania\/\" rel=\"bookmark\">Madre e hijo viven pesadilla al caer en socav\u00f3n en Rumania<\/a><\/h5>\t\t\t<div class=\"p-meta\">\r\n\t\t\t\t<div class=\"meta-inner is-meta\">\r\n\t\t\t\t\t<span class=\"meta-el meta-update\">\r\n\t\t<i class=\"rbi rbi-time\" aria-hidden=\"true\"><\/i>\t\t<time class=\"updated\" datetime=\"2024-10-26T03:10:07+00:00\">26 octombrie 2024<\/time>\r\n\t\t<\/span>\r\n\t\t\t\t\t\t<\/div>\r\n\t\t\t\t\t\t\t<\/div>\r\n\t\t\t\t<\/div>\r\n\t\t\t\t<\/div>\r\n\t\t\t<div class=\"p-wrap p-small p-list-small-2\" data-pid=\"15441\">\r\n\t\t\t<div class=\"p-content\">\r\n\t\t\t<h5 class=\"entry-title\">\t\t<a class=\"p-url\" href=\"https:\/\/thelatin.news\/ro\/tres-de-cada-cuatro-europeos-planean-viajar-en-las-epocas-de-otono-e-invierno\/\" rel=\"bookmark\">Tres de cada cuatro europeos planean viajar en las \u00e9pocas de oto\u00f1o e invierno<\/a><\/h5>\t\t\t<div class=\"p-meta\">\r\n\t\t\t\t<div class=\"meta-inner is-meta\">\r\n\t\t\t\t\t<span class=\"meta-el meta-update\">\r\n\t\t<i class=\"rbi rbi-time\" aria-hidden=\"true\"><\/i>\t\t<time class=\"updated\" datetime=\"2024-10-25T10:10:09+00:00\">25 octombrie 2024<\/time>\r\n\t\t<\/span>\r\n\t\t\t\t\t\t<\/div>\r\n\t\t\t\t\t\t\t<\/div>\r\n\t\t\t\t<\/div>\r\n\t\t\t\t<\/div>\r\n\t\t\t<div class=\"p-wrap p-small p-list-small-2\" data-pid=\"15440\">\r\n\t\t\t<div class=\"p-content\">\r\n\t\t\t<h5 class=\"entry-title\">\t\t<a class=\"p-url\" href=\"https:\/\/thelatin.news\/ro\/para-analizar-generacion-de-residuos-en-la-gam-y-proponer-una-solucion-tecnologica-francia-donara-660-mil-euros-a-costa-rica\/\" rel=\"bookmark\">Para analizar generaci\u00f3n de residuos en la GAM y proponer una soluci\u00f3n tecnol\u00f3gica, Francia donar\u00e1 660 mil euros a Costa Rica<\/a><\/h5>\t\t\t<div class=\"p-meta\">\r\n\t\t\t\t<div class=\"meta-inner is-meta\">\r\n\t\t\t\t\t<span class=\"meta-el meta-update\">\r\n\t\t<i class=\"rbi rbi-time\" aria-hidden=\"true\"><\/i>\t\t<time class=\"updated\" datetime=\"2024-10-25T10:00:12+00:00\">25 octombrie 2024<\/time>\r\n\t\t<\/span>\r\n\t\t\t\t\t\t<\/div>\r\n\t\t\t\t\t\t\t<\/div>\r\n\t\t\t\t<\/div>\r\n\t\t\t\t<\/div>\r\n\t\t\t<div class=\"p-wrap p-small p-list-small-2\" data-pid=\"15439\">\r\n\t\t\t<div class=\"p-content\">\r\n\t\t\t<h5 class=\"entry-title\">\t\t<a class=\"p-url\" href=\"https:\/\/thelatin.news\/ro\/griezmann-anuncia-que-es-retira-de-la-seleccio-francesa\/\" rel=\"bookmark\">Griezmann anuncia que es retira de la selecci\u00f3 francesa<\/a><\/h5>\t\t\t<div class=\"p-meta\">\r\n\t\t\t\t<div class=\"meta-inner is-meta\">\r\n\t\t\t\t\t<span class=\"meta-el meta-update\">\r\n\t\t<i class=\"rbi rbi-time\" aria-hidden=\"true\"><\/i>\t\t<time class=\"updated\" datetime=\"2024-10-25T09:50:14+00:00\">25 octombrie 2024<\/time>\r\n\t\t<\/span>\r\n\t\t\t\t\t\t<\/div>\r\n\t\t\t\t\t\t\t<\/div>\r\n\t\t\t\t<\/div>\r\n\t\t\t\t<\/div>\r\n\t\t\t<div class=\"p-wrap p-small p-list-small-2\" data-pid=\"15347\">\r\n\t\t\t<div class=\"p-content\">\r\n\t\t\t<h5 class=\"entry-title\">\t\t<a class=\"p-url\" href=\"https:\/\/thelatin.news\/ro\/city-break-de-buget-in-minivacanta-de-sfanta-maria-cele-mai-ieftine-bilete-de-avion-in-zilele-libere-din-august\/\" rel=\"bookmark\">City-break de buget \u00een minivacan\u021ba de Sf\u00e2nta Maria. Cele mai ieftine bilete de avion \u00een zilele libere din august<\/a><\/h5>\t\t\t<div class=\"p-meta\">\r\n\t\t\t\t<div class=\"meta-inner is-meta\">\r\n\t\t\t\t\t<span class=\"meta-el meta-update\">\r\n\t\t<i class=\"rbi rbi-time\" aria-hidden=\"true\"><\/i>\t\t<time class=\"updated\" datetime=\"2024-10-24T15:50:09+00:00\">24 octombrie 2024<\/time>\r\n\t\t<\/span>\r\n\t\t\t\t\t\t<\/div>\r\n\t\t\t\t\t\t\t<\/div>\r\n\t\t\t\t<\/div>\r\n\t\t\t\t<\/div>\r\n\t<\/div><\/div>\t\t<\/div>\n\t\t\t\t<\/div>\n\t\t\t\t<\/div>\n\t\t\t\t\t<\/div>\n\t\t\t\t<\/div>\n\t\t\t\t<\/div>\n\t\t","protected":false},"excerpt":{"rendered":"<p>Despre TheLatin.News\u2122 TheLatin.News\u2122 reune\u0219te, public\u0103 \u0219i distribuie \u0219tiri despre Andora, Fran\u021ba, Italia, Moldova, Portugalia, Rom\u00e2nia \u0219i Spania. Comunicatele de pres\u0103 sunt publicate \u0219i distribuite c\u0103tre mass-media \u00een francez\u0103, italian\u0103, portughez\u0103, spaniol\u0103 \u0219i romanian\u0103 &#8211; toate limbi cu r\u0103d\u0103cini latine. Pentru mai multe informa\u021bii despre distribuirea comunicatelor de pres\u0103 \u00een aceste \u021b\u0103ri sau \u00een \u00eentreaga Europ\u0103, [&hellip;]<\/p>\n","protected":false},"author":1,"featured_media":0,"parent":0,"menu_order":0,"comment_status":"closed","ping_status":"closed","template":"","meta":{"footnotes":""},"class_list":["post-7146","page","type-page","status-publish"],"_links":{"self":[{"href":"https:\/\/thelatin.news\/ro\/wp-json\/wp\/v2\/pages\/7146","targetHints":{"allow":["GET"]}}],"collection":[{"href":"https:\/\/thelatin.news\/ro\/wp-json\/wp\/v2\/pages"}],"about":[{"href":"https:\/\/thelatin.news\/ro\/wp-json\/wp\/v2\/types\/page"}],"author":[{"embeddable":true,"href":"https:\/\/thelatin.news\/ro\/wp-json\/wp\/v2\/users\/1"}],"replies":[{"embeddable":true,"href":"https:\/\/thelatin.news\/ro\/wp-json\/wp\/v2\/comments?post=7146"}],"version-history":[{"count":4,"href":"https:\/\/thelatin.news\/ro\/wp-json\/wp\/v2\/pages\/7146\/revisions"}],"predecessor-version":[{"id":10753,"href":"https:\/\/thelatin.news\/ro\/wp-json\/wp\/v2\/pages\/7146\/revisions\/10753"}],"wp:attachment":[{"href":"https:\/\/thelatin.news\/ro\/wp-json\/wp\/v2\/media?parent=7146"}],"curies":[{"name":"wp","href":"https:\/\/api.w.org\/{rel}","templated":true}]}}

<div data-elementor-type="wp-page" data-elementor-id="7146" class="elementor elementor-7146 elementor-2">
				<div class="elementor-element elementor-element-cecbabd e-flex e-con-boxed e-con e-parent" data-id="cecbabd" data-element_type="container">
					<div class="e-con-inner">
		<div class="elementor-element elementor-element-142e13d e-con-full e-flex e-con e-child" data-id="142e13d" data-element_type="container">
				<div class="elementor-element elementor-element-fafdd90 elementor-widget elementor-widget-text-editor" data-id="fafdd90" data-element_type="widget" data-widget_type="text-editor.default">
				<div class="elementor-widget-container">
							<h2>Despre TheLatin.News™</h2><p>TheLatin.News™ reunește, publică și distribuie știri despre Andora, Franța, Italia, Moldova, Portugalia, România și Spania. Comunicatele de presă sunt publicate și distribuite către mass-media în franceză, italiană, portugheză, spaniolă și romaniană &#8211; toate limbi cu rădăcini latine. Pentru mai multe informații despre distribuirea comunicatelor de presă în aceste țări sau în întreaga Europă, contactați <a href="https://europenewswire.net/">EuropeNewswire.Net</a> sau contactați-ne la aceste aplicații de mesagerie: <a href="https://api.whatsapp.com/send/?phone=18327162363&amp;text&amp;app_absent=0">WhatsApp</a>, <a href="skype:groupwebmedia?chat">Skype</a> sau <a href="https://t.me/groupwebmedia">Telegram</a>.</p><h2 style="margin: 15px 0;">Despre Influența Latină în Europa</h2><h3><a href="https://thelatin.news/the-role-of-france-italy-portugal-spain-and-romania-in-europe-a-comprehensive-overview/">Rolul Franței, Italiei, Portugaliei, Spaniei și României în Europa: O privire de ansamblu</a></h3><p>Europa este un continent bogat în istorie, cultură și diversitate economică, fiecare țară contribuind în mod unic la structura Uniunii Europene (UE). Franța, Italia, Portugalia, Spania și România sunt cinci astfel de națiuni, fiecare dintre ele jucând un rol esențial în dezvoltarea și susținerea integrării și identității europene. Acest eseu analizează contribuțiile individuale ale acestor țări la proiectul european..<a href="https://thelatin.news/the-role-of-france-italy-portugal-spain-and-romania-in-europe-a-comprehensive-overview/">.Citește mai mult</a></p><h3><a href="https://thelatin.news/the-legacy-of-latin-tracing-the-romance-languages-in-europe-spain-portugal-italy-france-romania-andorra-and-moldova/">Moștenirea latină: pe urmele limbilor romanice în Europa (Spania, Portugalia, Italia, Franța, România, Andorra și Moldova)</a></h3><p>Peisajul lingvistic al Europei este o tapiserie bogată, țesută cu fire de origini și istorii diverse. Printre acestea, limbile cu rădăcini în latină, cunoscute sub numele de limbi romanice, ocupă un loc special. Ele reprezintă moștenirea vie a Imperiului Roman, o mărturie a influenței durabile a latinei, limba romanilor..<a href="https://thelatin.news/the-legacy-of-latin-tracing-the-romance-languages-in-europe-spain-portugal-italy-france-romania-andorra-and-moldova/">.Citește mai mult</a></p>						</div>
				</div>
				</div>
		<div class="elementor-element elementor-element-1525e39 e-con-full rb-sticky e-flex e-con e-child" data-id="1525e39" data-element_type="container">
				<div class="elementor-element elementor-element-0495956 elementor-widget elementor-widget-foxiz-heading" data-id="0495956" data-element_type="widget" data-widget_type="foxiz-heading.default">
				<div class="elementor-widget-container">
			<div id="uid_0495956" class="block-h heading-layout-2"><div class="heading-inner"><h2 class="heading-title"><span>Ultimele știri</span></h2></div></div>		</div>
				</div>
				<div class="elementor-element elementor-element-912eb7a elementor-widget elementor-widget-foxiz-list-small-2" data-id="912eb7a" data-element_type="widget" data-widget_type="foxiz-list-small-2.default">
				<div class="elementor-widget-container">
			<div id="uid_912eb7a" class="block-wrap block-small block-list block-list-small-2 rb-columns rb-col-1 is-feat-left meta-s-default"><div class="block-inner">		<div class="p-wrap p-small p-list-small-2" data-pid="15446">
			<div class="p-content">
			<h5 class="entry-title">		<a class="p-url" href="https://thelatin.news/ro/madre-e-hijo-viven-pesadilla-al-caer-en-socavon-en-rumania/" rel="bookmark">Madre e hijo viven pesadilla al caer en socavón en Rumania</a></h5>			<div class="p-meta">
				<div class="meta-inner is-meta">
					<span class="meta-el meta-update">
		<i class="rbi rbi-time" aria-hidden="true"></i>		<time class="updated" datetime="2024-10-26T03:10:07+00:00">26 octombrie 2024</time>
		</span>
						</div>
							</div>
				</div>
				</div>
			<div class="p-wrap p-small p-list-small-2" data-pid="15441">
			<div class="p-content">
			<h5 class="entry-title">		<a class="p-url" href="https://thelatin.news/ro/tres-de-cada-cuatro-europeos-planean-viajar-en-las-epocas-de-otono-e-invierno/" rel="bookmark">Tres de cada cuatro europeos planean viajar en las épocas de otoño e invierno</a></h5>			<div class="p-meta">
				<div class="meta-inner is-meta">
					<span class="meta-el meta-update">
		<i class="rbi rbi-time" aria-hidden="true"></i>		<time class="updated" datetime="2024-10-25T10:10:09+00:00">25 octombrie 2024</time>
		</span>
						</div>
							</div>
				</div>
				</div>
			<div class="p-wrap p-small p-list-small-2" data-pid="15440">
			<div class="p-content">
			<h5 class="entry-title">		<a class="p-url" href="https://thelatin.news/ro/para-analizar-generacion-de-residuos-en-la-gam-y-proponer-una-solucion-tecnologica-francia-donara-660-mil-euros-a-costa-rica/" rel="bookmark">Para analizar generación de residuos en la GAM y proponer una solución tecnológica, Francia donará 660 mil euros a Costa Rica</a></h5>			<div class="p-meta">
				<div class="meta-inner is-meta">
					<span class="meta-el meta-update">
		<i class="rbi rbi-time" aria-hidden="true"></i>		<time class="updated" datetime="2024-10-25T10:00:12+00:00">25 octombrie 2024</time>
		</span>
						</div>
							</div>
				</div>
				</div>
			<div class="p-wrap p-small p-list-small-2" data-pid="15439">
			<div class="p-content">
			<h5 class="entry-title">		<a class="p-url" href="https://thelatin.news/ro/griezmann-anuncia-que-es-retira-de-la-seleccio-francesa/" rel="bookmark">Griezmann anuncia que es retira de la selecció francesa</a></h5>			<div class="p-meta">
				<div class="meta-inner is-meta">
					<span class="meta-el meta-update">
		<i class="rbi rbi-time" aria-hidden="true"></i>		<time class="updated" datetime="2024-10-25T09:50:14+00:00">25 octombrie 2024</time>
		</span>
						</div>
							</div>
				</div>
				</div>
			<div class="p-wrap p-small p-list-small-2" data-pid="15347">
			<div class="p-content">
			<h5 class="entry-title">		<a class="p-url" href="https://thelatin.news/ro/city-break-de-buget-in-minivacanta-de-sfanta-maria-cele-mai-ieftine-bilete-de-avion-in-zilele-libere-din-august/" rel="bookmark">City-break de buget în minivacanța de Sfânta Maria. Cele mai ieftine bilete de avion în zilele libere din august</a></h5>			<div class="p-meta">
				<div class="meta-inner is-meta">
					<span class="meta-el meta-update">
		<i class="rbi rbi-time" aria-hidden="true"></i>		<time class="updated" datetime="2024-10-24T15:50:09+00:00">24 octombrie 2024</time>
		</span>
						</div>
							</div>
				</div>
				</div>
	</div></div>		</div>
				</div>
				</div>
					</div>
				</div>
				</div>

<p>Despre TheLatin.News™ TheLatin.News™ reunește, publică și distribuie știri despre Andora, Franța, Italia, Moldova, Portugalia, România și Spania. Comunicatele de presă sunt publicate și distribuite către mass-media în franceză, italiană, portugheză, spaniolă și romaniană &#8211; toate limbi cu rădăcini latine. Pentru mai multe informații despre distribuirea comunicatelor de presă în aceste țări sau în întreaga Europă, [&hellip;]</p>
