{"id":7158,"date":"2024-05-14T09:50:58","date_gmt":"2024-05-14T09:50:58","guid":{"rendered":"https:\/\/thelatin.news\/sobre-nosotros\/"},"modified":"2024-06-08T20:23:11","modified_gmt":"2024-06-08T20:23:11","slug":"sobre-nosotros","status":"publish","type":"page","link":"https:\/\/thelatin.news\/es\/sobre-nosotros\/","title":{"rendered":"Sobre nosotros"},"content":{"rendered":"\t\t<div data-elementor-type=\"wp-page\" data-elementor-id=\"7158\" class=\"elementor elementor-7158 elementor-2\">\n\t\t\t\t<div class=\"elementor-element elementor-element-cecbabd e-flex e-con-boxed e-con e-parent\" data-id=\"cecbabd\" data-element_type=\"container\">\n\t\t\t\t\t<div class=\"e-con-inner\">\n\t\t<div class=\"elementor-element elementor-element-142e13d e-con-full e-flex e-con e-child\" data-id=\"142e13d\" data-element_type=\"container\">\n\t\t\t\t<div class=\"elementor-element elementor-element-fafdd90 elementor-widget elementor-widget-text-editor\" data-id=\"fafdd90\" data-element_type=\"widget\" data-widget_type=\"text-editor.default\">\n\t\t\t\t<div class=\"elementor-widget-container\">\n\t\t\t\t\t\t\t<h2>Acerca de TheLatin.News\u2122<\/h2><p>TheLatin.News\u2122 agrega, publica y distribuye noticias sobre Andora, Francia, Italia, Moldavia, Portugal, Romainia y Espa\u00f1a. Los comunicados de prensa se publican y distribuyen a los medios de comunicaci\u00f3n en franc\u00e9s, italiano, portugu\u00e9s, espa\u00f1ol y roman\u00ed, todas ellas lenguas con ra\u00edces latinas. Para m\u00e1s informaci\u00f3n sobre la distribuci\u00f3n de comunicados de prensa a estos pa\u00edses o a toda Europa, ponte en contacto con <a href=\"https:\/\/europenewswire.net\/\">EuropeNewswire.Net<\/a> o con nosotros a trav\u00e9s de estas aplicaciones de mensajer\u00eda: <a href=\"https:\/\/api.whatsapp.com\/send\/?phone=18327162363&amp;text&amp;app_absent=0\">WhatsApp<\/a>, <a href=\"skype:grupowebmedia?chat\">Skype<\/a> o <a href=\"https:\/\/t.me\/groupwebmedia\">Telegram<\/a>.<\/p><h2 style=\"margin: 15px 0;\">Sobre la influencia latina en Europa<\/h2><h3><a href=\"https:\/\/thelatin.news\/the-role-of-france-italy-portugal-spain-and-romania-in-europe-a-comprehensive-overview\/\">El papel de Francia, Italia, Portugal, Espa\u00f1a y Ruman\u00eda en Europa: Una visi\u00f3n global<\/a><\/h3><p>Europa es un continente rico en historia, cultura y diversidad econ\u00f3mica, y cada pa\u00eds contribuye de forma \u00fanica al tejido de la Uni\u00f3n Europea (UE). Francia, Italia, Portugal, Espa\u00f1a y Ruman\u00eda son cinco de estas naciones, cada una de las cuales desempe\u00f1a un papel fundamental en el desarrollo y el mantenimiento de la integraci\u00f3n y la identidad europeas. Este ensayo profundiza en las contribuciones individuales de estos pa\u00edses al proyecto europeo..<a href=\"https:\/\/thelatin.news\/the-role-of-france-italy-portugal-spain-and-romania-in-europe-a-comprehensive-overview\/\">.Leer m\u00e1s<\/a><\/p><h3><a href=\"https:\/\/thelatin.news\/the-legacy-of-latin-tracing-the-romance-languages-in-europe-spain-portugal-italy-france-romania-andorra-and-moldova\/\">El Legado del Lat\u00edn: Rastreo de las Lenguas Romances en Europa ( Espa\u00f1a, Portugal, Italia, Francia, Ruman\u00eda, Andorra y Moldavia)<\/a><\/h3><p>El paisaje ling\u00fc\u00edstico de Europa es un rico tapiz, tejido con hilos de diversos or\u00edgenes e historias. Entre ellas, las lenguas con ra\u00edces en el lat\u00edn, conocidas como lenguas romances, ocupan un lugar especial. Son el legado vivo del Imperio Romano, un testimonio de la perdurable influencia del lat\u00edn, la lengua de los romanos..<a href=\"https:\/\/thelatin.news\/the-legacy-of-latin-tracing-the-romance-languages-in-europe-spain-portugal-italy-france-romania-andorra-and-moldova\/\">.Sigue leyendo<\/a><\/p>\t\t\t\t\t\t<\/div>\n\t\t\t\t<\/div>\n\t\t\t\t<\/div>\n\t\t<div class=\"elementor-element elementor-element-1525e39 e-con-full rb-sticky e-flex e-con e-child\" data-id=\"1525e39\" data-element_type=\"container\">\n\t\t\t\t<div class=\"elementor-element elementor-element-0495956 elementor-widget elementor-widget-foxiz-heading\" data-id=\"0495956\" data-element_type=\"widget\" data-widget_type=\"foxiz-heading.default\">\n\t\t\t\t<div class=\"elementor-widget-container\">\n\t\t\t<div id=\"uid_0495956\" class=\"block-h heading-layout-2\"><div class=\"heading-inner\"><h2 class=\"heading-title\"><span>\u00daltimas noticias<\/span><\/h2><\/div><\/div>\t\t<\/div>\n\t\t\t\t<\/div>\n\t\t\t\t<div class=\"elementor-element elementor-element-912eb7a elementor-widget elementor-widget-foxiz-list-small-2\" data-id=\"912eb7a\" data-element_type=\"widget\" data-widget_type=\"foxiz-list-small-2.default\">\n\t\t\t\t<div class=\"elementor-widget-container\">\n\t\t\t<div id=\"uid_912eb7a\" class=\"block-wrap block-small block-list block-list-small-2 rb-columns rb-col-1 is-feat-left meta-s-default\"><div class=\"block-inner\">\t\t<div class=\"p-wrap p-small p-list-small-2\" data-pid=\"19731\">\r\n\t\t\t\t<div class=\"feat-holder\">\t\t<div class=\"p-featured ratio-v1\">\r\n\t\t\t\t\t<a class=\"p-flink\" href=\"https:\/\/thelatin.news\/es\/sugardaddymeet-ya-esta-disponible-en-espana-la-mayor-plataforma-para-citas-discretas-y-lujosas\/\" title=\"SugarDaddyMeet ya est\u00e1 disponible en Espa\u00f1a: La mayor plataforma para citas discretas y lujosas\">\r\n\t\t\t<img loading=\"lazy\" decoding=\"async\" width=\"150\" height=\"150\" src=\"https:\/\/thelatin.news\/wp-content\/uploads\/2025\/05\/Screenshot89-150x150.png\" class=\"featured-img wp-post-image\" alt=\"\" loading=\"lazy\" \/>\t\t<\/a>\r\n\t\t\t\t<\/div>\r\n\t<\/div>\r\n\t\t\t\t<div class=\"p-content\">\r\n\t\t\t<h5 class=\"entry-title\">\t\t<a class=\"p-url\" href=\"https:\/\/thelatin.news\/es\/sugardaddymeet-ya-esta-disponible-en-espana-la-mayor-plataforma-para-citas-discretas-y-lujosas\/\" rel=\"bookmark\">SugarDaddyMeet ya est\u00e1 disponible en Espa\u00f1a: La mayor plataforma para citas discretas y lujosas<\/a><\/h5>\t\t\t<div class=\"p-meta\">\r\n\t\t\t\t<div class=\"meta-inner is-meta\">\r\n\t\t\t\t\t<span class=\"meta-el meta-update\">\r\n\t\t<i class=\"rbi rbi-time\" aria-hidden=\"true\"><\/i>\t\t<time class=\"updated\" datetime=\"2025-06-27T15:20:07+00:00\">27 de junio de 2025<\/time>\r\n\t\t<\/span>\r\n\t\t\t\t\t\t<\/div>\r\n\t\t\t\t\t\t\t<\/div>\r\n\t\t\t\t<\/div>\r\n\t\t\t\t<\/div>\r\n\t\t\t<div class=\"p-wrap p-small p-list-small-2\" data-pid=\"15451\">\r\n\t\t\t<div class=\"p-content\">\r\n\t\t\t<h5 class=\"entry-title\">\t\t<a class=\"p-url\" href=\"https:\/\/thelatin.news\/es\/video-del-momento-en-que-madre-e-hijo-caen-en-enorme-agujero\/\" rel=\"bookmark\">VIDEO del momento en que madre e hijo caen en enorme agujero<\/a><\/h5>\t\t\t<div class=\"p-meta\">\r\n\t\t\t\t<div class=\"meta-inner is-meta\">\r\n\t\t\t\t\t<span class=\"meta-el meta-update\">\r\n\t\t<i class=\"rbi rbi-time\" aria-hidden=\"true\"><\/i>\t\t<time class=\"updated\" datetime=\"2024-10-26T04:10:11+00:00\">26 de octubre de 2024<\/time>\r\n\t\t<\/span>\r\n\t\t\t\t\t\t<\/div>\r\n\t\t\t\t\t\t\t<\/div>\r\n\t\t\t\t<\/div>\r\n\t\t\t\t<\/div>\r\n\t\t\t<div class=\"p-wrap p-small p-list-small-2\" data-pid=\"15450\">\r\n\t\t\t<div class=\"p-content\">\r\n\t\t\t<h5 class=\"entry-title\">\t\t<a class=\"p-url\" href=\"https:\/\/thelatin.news\/es\/calin-popescu-tariceanu-cidob\/\" rel=\"bookmark\">C\u0103lin Popescu-T\u0103riceanu | CIDOB,<\/a><\/h5>\t\t\t<div class=\"p-meta\">\r\n\t\t\t\t<div class=\"meta-inner is-meta\">\r\n\t\t\t\t\t<span class=\"meta-el meta-update\">\r\n\t\t<i class=\"rbi rbi-time\" aria-hidden=\"true\"><\/i>\t\t<time class=\"updated\" datetime=\"2024-10-26T04:00:11+00:00\">26 de octubre de 2024<\/time>\r\n\t\t<\/span>\r\n\t\t\t\t\t\t<\/div>\r\n\t\t\t\t\t\t\t<\/div>\r\n\t\t\t\t<\/div>\r\n\t\t\t\t<\/div>\r\n\t\t\t<div class=\"p-wrap p-small p-list-small-2\" data-pid=\"15449\">\r\n\t\t\t<div class=\"p-content\">\r\n\t\t\t<h5 class=\"entry-title\">\t\t<a class=\"p-url\" href=\"https:\/\/thelatin.news\/es\/asi-es-la-historia-de-la-perra-lua\/\" rel=\"bookmark\">as\u00ed es la historia de la perra Lua<\/a><\/h5>\t\t\t<div class=\"p-meta\">\r\n\t\t\t\t<div class=\"meta-inner is-meta\">\r\n\t\t\t\t\t<span class=\"meta-el meta-update\">\r\n\t\t<i class=\"rbi rbi-time\" aria-hidden=\"true\"><\/i>\t\t<time class=\"updated\" datetime=\"2024-10-26T03:50:09+00:00\">26 de octubre de 2024<\/time>\r\n\t\t<\/span>\r\n\t\t\t\t\t\t<\/div>\r\n\t\t\t\t\t\t\t<\/div>\r\n\t\t\t\t<\/div>\r\n\t\t\t\t<\/div>\r\n\t\t\t<div class=\"p-wrap p-small p-list-small-2\" data-pid=\"15448\">\r\n\t\t\t<div class=\"p-content\">\r\n\t\t\t<h5 class=\"entry-title\">\t\t<a class=\"p-url\" href=\"https:\/\/thelatin.news\/es\/mercado-de-navidad-de-sibiu-2024-2025-en-romania\/\" rel=\"bookmark\">Mercado de Navidad de Sibiu 2024-2025 en Romania<\/a><\/h5>\t\t\t<div class=\"p-meta\">\r\n\t\t\t\t<div class=\"meta-inner is-meta\">\r\n\t\t\t\t\t<span class=\"meta-el meta-update\">\r\n\t\t<i class=\"rbi rbi-time\" aria-hidden=\"true\"><\/i>\t\t<time class=\"updated\" datetime=\"2024-10-26T03:40:12+00:00\">26 de octubre de 2024<\/time>\r\n\t\t<\/span>\r\n\t\t\t\t\t\t<\/div>\r\n\t\t\t\t\t\t\t<\/div>\r\n\t\t\t\t<\/div>\r\n\t\t\t\t<\/div>\r\n\t<\/div><\/div>\t\t<\/div>\n\t\t\t\t<\/div>\n\t\t\t\t<\/div>\n\t\t\t\t\t<\/div>\n\t\t\t\t<\/div>\n\t\t\t\t<\/div>\n\t\t","protected":false},"excerpt":{"rendered":"<p>Acerca de TheLatin.News\u2122 TheLatin.News\u2122 agrega, publica y distribuye noticias sobre Andora, Francia, Italia, Moldavia, Portugal, Romainia y Espa\u00f1a. Los comunicados de prensa se publican y distribuyen a los medios de comunicaci\u00f3n en franc\u00e9s, italiano, portugu\u00e9s, espa\u00f1ol y roman\u00ed, todas ellas lenguas con ra\u00edces latinas. Para m\u00e1s informaci\u00f3n sobre la distribuci\u00f3n de comunicados de prensa a [&hellip;]<\/p>\n","protected":false},"author":1,"featured_media":0,"parent":0,"menu_order":0,"comment_status":"closed","ping_status":"closed","template":"","meta":{"footnotes":""},"class_list":["post-7158","page","type-page","status-publish"],"_links":{"self":[{"href":"https:\/\/thelatin.news\/es\/wp-json\/wp\/v2\/pages\/7158","targetHints":{"allow":["GET"]}}],"collection":[{"href":"https:\/\/thelatin.news\/es\/wp-json\/wp\/v2\/pages"}],"about":[{"href":"https:\/\/thelatin.news\/es\/wp-json\/wp\/v2\/types\/page"}],"author":[{"embeddable":true,"href":"https:\/\/thelatin.news\/es\/wp-json\/wp\/v2\/users\/1"}],"replies":[{"embeddable":true,"href":"https:\/\/thelatin.news\/es\/wp-json\/wp\/v2\/comments?post=7158"}],"version-history":[{"count":7,"href":"https:\/\/thelatin.news\/es\/wp-json\/wp\/v2\/pages\/7158\/revisions"}],"predecessor-version":[{"id":10759,"href":"https:\/\/thelatin.news\/es\/wp-json\/wp\/v2\/pages\/7158\/revisions\/10759"}],"wp:attachment":[{"href":"https:\/\/thelatin.news\/es\/wp-json\/wp\/v2\/media?parent=7158"}],"curies":[{"name":"wp","href":"https:\/\/api.w.org\/{rel}","templated":true}]}}

<div data-elementor-type="wp-page" data-elementor-id="7158" class="elementor elementor-7158 elementor-2">
				<div class="elementor-element elementor-element-cecbabd e-flex e-con-boxed e-con e-parent" data-id="cecbabd" data-element_type="container">
					<div class="e-con-inner">
		<div class="elementor-element elementor-element-142e13d e-con-full e-flex e-con e-child" data-id="142e13d" data-element_type="container">
				<div class="elementor-element elementor-element-fafdd90 elementor-widget elementor-widget-text-editor" data-id="fafdd90" data-element_type="widget" data-widget_type="text-editor.default">
				<div class="elementor-widget-container">
							<h2>Acerca de TheLatin.News™</h2><p>TheLatin.News™ agrega, publica y distribuye noticias sobre Andora, Francia, Italia, Moldavia, Portugal, Romainia y España. Los comunicados de prensa se publican y distribuyen a los medios de comunicación en francés, italiano, portugués, español y romaní, todas ellas lenguas con raíces latinas. Para más información sobre la distribución de comunicados de prensa a estos países o a toda Europa, ponte en contacto con <a href="https://europenewswire.net/">EuropeNewswire.Net</a> o con nosotros a través de estas aplicaciones de mensajería: <a href="https://api.whatsapp.com/send/?phone=18327162363&amp;text&amp;app_absent=0">WhatsApp</a>, <a href="skype:grupowebmedia?chat">Skype</a> o <a href="https://t.me/groupwebmedia">Telegram</a>.</p><h2 style="margin: 15px 0;">Sobre la influencia latina en Europa</h2><h3><a href="https://thelatin.news/the-role-of-france-italy-portugal-spain-and-romania-in-europe-a-comprehensive-overview/">El papel de Francia, Italia, Portugal, España y Rumanía en Europa: Una visión global</a></h3><p>Europa es un continente rico en historia, cultura y diversidad económica, y cada país contribuye de forma única al tejido de la Unión Europea (UE). Francia, Italia, Portugal, España y Rumanía son cinco de estas naciones, cada una de las cuales desempeña un papel fundamental en el desarrollo y el mantenimiento de la integración y la identidad europeas. Este ensayo profundiza en las contribuciones individuales de estos países al proyecto europeo..<a href="https://thelatin.news/the-role-of-france-italy-portugal-spain-and-romania-in-europe-a-comprehensive-overview/">.Leer más</a></p><h3><a href="https://thelatin.news/the-legacy-of-latin-tracing-the-romance-languages-in-europe-spain-portugal-italy-france-romania-andorra-and-moldova/">El Legado del Latín: Rastreo de las Lenguas Romances en Europa ( España, Portugal, Italia, Francia, Rumanía, Andorra y Moldavia)</a></h3><p>El paisaje lingüístico de Europa es un rico tapiz, tejido con hilos de diversos orígenes e historias. Entre ellas, las lenguas con raíces en el latín, conocidas como lenguas romances, ocupan un lugar especial. Son el legado vivo del Imperio Romano, un testimonio de la perdurable influencia del latín, la lengua de los romanos..<a href="https://thelatin.news/the-legacy-of-latin-tracing-the-romance-languages-in-europe-spain-portugal-italy-france-romania-andorra-and-moldova/">.Sigue leyendo</a></p>						</div>
				</div>
				</div>
		<div class="elementor-element elementor-element-1525e39 e-con-full rb-sticky e-flex e-con e-child" data-id="1525e39" data-element_type="container">
				<div class="elementor-element elementor-element-0495956 elementor-widget elementor-widget-foxiz-heading" data-id="0495956" data-element_type="widget" data-widget_type="foxiz-heading.default">
				<div class="elementor-widget-container">
			<div id="uid_0495956" class="block-h heading-layout-2"><div class="heading-inner"><h2 class="heading-title"><span>Últimas noticias</span></h2></div></div>		</div>
				</div>
				<div class="elementor-element elementor-element-912eb7a elementor-widget elementor-widget-foxiz-list-small-2" data-id="912eb7a" data-element_type="widget" data-widget_type="foxiz-list-small-2.default">
				<div class="elementor-widget-container">
			<div id="uid_912eb7a" class="block-wrap block-small block-list block-list-small-2 rb-columns rb-col-1 is-feat-left meta-s-default"><div class="block-inner">		<div class="p-wrap p-small p-list-small-2" data-pid="19731">
				<div class="feat-holder">		<div class="p-featured ratio-v1">
					<a class="p-flink" href="https://thelatin.news/es/sugardaddymeet-ya-esta-disponible-en-espana-la-mayor-plataforma-para-citas-discretas-y-lujosas/" title="SugarDaddyMeet ya está disponible en España: La mayor plataforma para citas discretas y lujosas">
			<img loading="lazy" decoding="async" width="150" height="150" src="https://thelatin.news/wp-content/uploads/2025/05/Screenshot89-150x150.png" class="featured-img wp-post-image" alt="" loading="lazy" />		</a>
				</div>
	</div>
				<div class="p-content">
			<h5 class="entry-title">		<a class="p-url" href="https://thelatin.news/es/sugardaddymeet-ya-esta-disponible-en-espana-la-mayor-plataforma-para-citas-discretas-y-lujosas/" rel="bookmark">SugarDaddyMeet ya está disponible en España: La mayor plataforma para citas discretas y lujosas</a></h5>			<div class="p-meta">
				<div class="meta-inner is-meta">
					<span class="meta-el meta-update">
		<i class="rbi rbi-time" aria-hidden="true"></i>		<time class="updated" datetime="2025-06-27T15:20:07+00:00">27 de junio de 2025</time>
		</span>
						</div>
							</div>
				</div>
				</div>
			<div class="p-wrap p-small p-list-small-2" data-pid="15451">
			<div class="p-content">
			<h5 class="entry-title">		<a class="p-url" href="https://thelatin.news/es/video-del-momento-en-que-madre-e-hijo-caen-en-enorme-agujero/" rel="bookmark">VIDEO del momento en que madre e hijo caen en enorme agujero</a></h5>			<div class="p-meta">
				<div class="meta-inner is-meta">
					<span class="meta-el meta-update">
		<i class="rbi rbi-time" aria-hidden="true"></i>		<time class="updated" datetime="2024-10-26T04:10:11+00:00">26 de octubre de 2024</time>
		</span>
						</div>
							</div>
				</div>
				</div>
			<div class="p-wrap p-small p-list-small-2" data-pid="15450">
			<div class="p-content">
			<h5 class="entry-title">		<a class="p-url" href="https://thelatin.news/es/calin-popescu-tariceanu-cidob/" rel="bookmark">Călin Popescu-Tăriceanu | CIDOB,</a></h5>			<div class="p-meta">
				<div class="meta-inner is-meta">
					<span class="meta-el meta-update">
		<i class="rbi rbi-time" aria-hidden="true"></i>		<time class="updated" datetime="2024-10-26T04:00:11+00:00">26 de octubre de 2024</time>
		</span>
						</div>
							</div>
				</div>
				</div>
			<div class="p-wrap p-small p-list-small-2" data-pid="15449">
			<div class="p-content">
			<h5 class="entry-title">		<a class="p-url" href="https://thelatin.news/es/asi-es-la-historia-de-la-perra-lua/" rel="bookmark">así es la historia de la perra Lua</a></h5>			<div class="p-meta">
				<div class="meta-inner is-meta">
					<span class="meta-el meta-update">
		<i class="rbi rbi-time" aria-hidden="true"></i>		<time class="updated" datetime="2024-10-26T03:50:09+00:00">26 de octubre de 2024</time>
		</span>
						</div>
							</div>
				</div>
				</div>
			<div class="p-wrap p-small p-list-small-2" data-pid="15448">
			<div class="p-content">
			<h5 class="entry-title">		<a class="p-url" href="https://thelatin.news/es/mercado-de-navidad-de-sibiu-2024-2025-en-romania/" rel="bookmark">Mercado de Navidad de Sibiu 2024-2025 en Romania</a></h5>			<div class="p-meta">
				<div class="meta-inner is-meta">
					<span class="meta-el meta-update">
		<i class="rbi rbi-time" aria-hidden="true"></i>		<time class="updated" datetime="2024-10-26T03:40:12+00:00">26 de octubre de 2024</time>
		</span>
						</div>
							</div>
				</div>
				</div>
	</div></div>		</div>
				</div>
				</div>
					</div>
				</div>
				</div>

<p>Acerca de TheLatin.News™ TheLatin.News™ agrega, publica y distribuye noticias sobre Andora, Francia, Italia, Moldavia, Portugal, Romainia y España. Los comunicados de prensa se publican y distribuyen a los medios de comunicación en francés, italiano, portugués, español y romaní, todas ellas lenguas con raíces latinas. Para más información sobre la distribución de comunicados de prensa a [&hellip;]</p>
